{"id":17122,"date":"2025-08-02T22:19:32","date_gmt":"2025-08-02T20:19:32","guid":{"rendered":"https:\/\/seniorcareafrica.com\/?page_id=17122"},"modified":"2025-08-02T22:51:54","modified_gmt":"2025-08-02T20:51:54","slug":"nos-tarifs","status":"publish","type":"page","link":"https:\/\/seniorcareafrica.com\/index.php\/nos-tarifs\/","title":{"rendered":"Nos tarifs"},"content":{"rendered":"\t\t<div data-elementor-type=\"wp-page\" data-elementor-id=\"17122\" class=\"elementor elementor-17122\">\n\t\t\t\t\t\t<section class=\"elementor-section elementor-top-section elementor-element elementor-element-d380496 elementor-section-boxed elementor-section-height-default elementor-section-height-default mas-addons-sticky-no\" data-id=\"d380496\" data-element_type=\"section\" data-settings=\"{&quot;background_background&quot;:&quot;classic&quot;,&quot;mas_addons_sticky&quot;:&quot;no&quot;}\">\n\t\t\t\t\t\t<div class=\"elementor-container elementor-column-gap-default\">\n\t\t\t\t\t<div class=\"elementor-column elementor-col-100 elementor-top-column elementor-element elementor-element-db4959e\" data-id=\"db4959e\" data-element_type=\"column\">\n\t\t\t<div class=\"elementor-widget-wrap elementor-element-populated\">\n\t\t\t\t\t\t<div class=\"elementor-element elementor-element-7678acf mas-addons-sticky-no elementor-widget elementor-widget-mas-addons-heading\" data-id=\"7678acf\" data-element_type=\"widget\" data-settings=\"{&quot;mas_addons_sticky&quot;:&quot;no&quot;}\" data-widget_type=\"mas-addons-heading.default\">\n\t\t\t\t<div class=\"elementor-widget-container\">\n\t\t\t\t\t<h2 class=\"mas-addons-heading-title show-line-no\">Nos tarifs<\/h2>\t\t\t\t<\/div>\n\t\t\t\t<\/div>\n\t\t\t\t<div class=\"elementor-element elementor-element-8bfc6c4 mas-addons-sticky-no elementor-widget elementor-widget-mas-addons-breadcrumb\" data-id=\"8bfc6c4\" data-element_type=\"widget\" data-settings=\"{&quot;mas_addons_sticky&quot;:&quot;no&quot;}\" data-widget_type=\"mas-addons-breadcrumb.default\">\n\t\t\t\t<div class=\"elementor-widget-container\">\n\t\t\t\t\t<ul class=\"mas-addons-breadcrumbs\"><li class=\"mas-addons-breadcrumbs-item mas-addons-breadcrumbs-start\"><a href=\"https:\/\/seniorcareafrica.com\/\" rel=\"home\"><span class=\"mas-addons-breadcrumbs-text\">Accueil<\/span><\/a><\/li><\/ul>\t\t\t\t<\/div>\n\t\t\t\t<\/div>\n\t\t\t\t\t<\/div>\n\t\t<\/div>\n\t\t\t\t\t<\/div>\n\t\t<\/section>\n\t\t\t\t<section class=\"elementor-section elementor-top-section elementor-element elementor-element-8f01764 elementor-section-boxed elementor-section-height-default elementor-section-height-default mas-addons-sticky-no\" data-id=\"8f01764\" data-element_type=\"section\" data-settings=\"{&quot;background_background&quot;:&quot;classic&quot;,&quot;mas_addons_sticky&quot;:&quot;no&quot;}\">\n\t\t\t\t\t\t<div class=\"elementor-container elementor-column-gap-default\">\n\t\t\t\t\t<div class=\"elementor-column elementor-col-50 elementor-top-column elementor-element elementor-element-2a166ad\" data-id=\"2a166ad\" data-element_type=\"column\">\n\t\t\t<div class=\"elementor-widget-wrap elementor-element-populated\">\n\t\t\t\t\t\t<div class=\"elementor-element elementor-element-097117b mas-addons-sticky-no elementor-widget elementor-widget-heading\" data-id=\"097117b\" data-element_type=\"widget\" data-settings=\"{&quot;mas_addons_sticky&quot;:&quot;no&quot;}\" data-widget_type=\"heading.default\">\n\t\t\t\t\t<h2 class=\"elementor-heading-title elementor-size-default\">Les tarifs des aides \u00e0 domicile Senior Care<\/h2>\t\t\t\t<\/div>\n\t\t\t\t<div class=\"elementor-element elementor-element-64bb108 mas-addons-sticky-no elementor-widget elementor-widget-text-editor\" data-id=\"64bb108\" data-element_type=\"widget\" data-settings=\"{&quot;mas_addons_sticky&quot;:&quot;no&quot;}\" data-widget_type=\"text-editor.default\">\n\t\t\t\t\t\t\t\t\t<p align=\"justify\">Notre vocation ? Rendre le bien vieillir \u00e0 domicile accessible \u00e0 tous. C\u2019est pour cela que nous proposons des tarifs justes, \u00e0 la fois adapt\u00e9s \u00e0 votre situation, \u00e0 vos besoins et aux prestations souhait\u00e9es. Avec Senior Care, choisissez l\u2019alliance de l\u2019expertise et du savoir-faire au juste prix.<\/p>\t\t\t\t\t\t\t\t<\/div>\n\t\t\t\t\t<\/div>\n\t\t<\/div>\n\t\t\t\t<div class=\"elementor-column elementor-col-50 elementor-top-column elementor-element elementor-element-ba55f4e\" data-id=\"ba55f4e\" data-element_type=\"column\">\n\t\t\t<div class=\"elementor-widget-wrap elementor-element-populated\">\n\t\t\t\t\t\t<section class=\"elementor-section elementor-inner-section elementor-element elementor-element-e9e5421 elementor-section-boxed elementor-section-height-default elementor-section-height-default mas-addons-sticky-no\" data-id=\"e9e5421\" data-element_type=\"section\" data-settings=\"{&quot;mas_addons_sticky&quot;:&quot;no&quot;}\">\n\t\t\t\t\t\t<div class=\"elementor-container elementor-column-gap-no\">\n\t\t\t\t\t<div class=\"elementor-column elementor-col-100 elementor-inner-column elementor-element elementor-element-9e3ad42\" data-id=\"9e3ad42\" data-element_type=\"column\">\n\t\t\t<div class=\"elementor-widget-wrap elementor-element-populated\">\n\t\t\t\t\t\t<div class=\"elementor-element elementor-element-1d037e6 mas-addons-sticky-no elementor-widget elementor-widget-image\" data-id=\"1d037e6\" data-element_type=\"widget\" data-settings=\"{&quot;mas_addons_sticky&quot;:&quot;no&quot;}\" data-widget_type=\"image.default\">\n\t\t\t\t\t\t\t\t\t\t\t\t\t\t\t<img fetchpriority=\"high\" decoding=\"async\" width=\"740\" height=\"419\" src=\"https:\/\/seniorcareafrica.com\/wp-content\/uploads\/2022\/11\/scene-realiste-travailleur-sante-qui-s-occupe-patient-age_23-2151231392.jpg\" class=\"attachment-large size-large wp-image-16978\" alt=\"\" srcset=\"https:\/\/seniorcareafrica.com\/wp-content\/uploads\/2022\/11\/scene-realiste-travailleur-sante-qui-s-occupe-patient-age_23-2151231392.jpg 740w, https:\/\/seniorcareafrica.com\/wp-content\/uploads\/2022\/11\/scene-realiste-travailleur-sante-qui-s-occupe-patient-age_23-2151231392-300x170.jpg 300w, https:\/\/seniorcareafrica.com\/wp-content\/uploads\/2022\/11\/scene-realiste-travailleur-sante-qui-s-occupe-patient-age_23-2151231392-492x279.jpg 492w\" sizes=\"(max-width: 740px) 100vw, 740px\" \/>\t\t\t\t\t\t\t\t\t\t\t\t\t\t\t<\/div>\n\t\t\t\t\t<\/div>\n\t\t<\/div>\n\t\t\t\t\t<\/div>\n\t\t<\/section>\n\t\t\t\t\t<\/div>\n\t\t<\/div>\n\t\t\t\t\t<\/div>\n\t\t<\/section>\n\t\t\t\t<section class=\"elementor-section elementor-top-section elementor-element elementor-element-3e44aab elementor-section-boxed elementor-section-height-default elementor-section-height-default mas-addons-sticky-no\" data-id=\"3e44aab\" data-element_type=\"section\" data-settings=\"{&quot;background_background&quot;:&quot;classic&quot;,&quot;mas_addons_sticky&quot;:&quot;no&quot;}\">\n\t\t\t\t\t\t<div class=\"elementor-container elementor-column-gap-default\">\n\t\t\t\t\t<div class=\"elementor-column elementor-col-50 elementor-top-column elementor-element elementor-element-0e298e9\" data-id=\"0e298e9\" data-element_type=\"column\">\n\t\t\t<div class=\"elementor-widget-wrap elementor-element-populated\">\n\t\t\t\t\t\t<div class=\"elementor-element elementor-element-1ffda85 mas-addons-sticky-no elementor-widget elementor-widget-heading\" data-id=\"1ffda85\" data-element_type=\"widget\" data-settings=\"{&quot;mas_addons_sticky&quot;:&quot;no&quot;}\" data-widget_type=\"heading.default\">\n\t\t\t\t\t<h2 class=\"elementor-heading-title elementor-size-default\">Aide \u00e0 domicile : un tarif sur-mesure, gr\u00e2ce \u00e0 une estimation des besoins pr\u00e9cise<\/h2>\t\t\t\t<\/div>\n\t\t\t\t<div class=\"elementor-element elementor-element-bd46c35 mas-addons-sticky-no elementor-widget elementor-widget-text-editor\" data-id=\"bd46c35\" data-element_type=\"widget\" data-settings=\"{&quot;mas_addons_sticky&quot;:&quot;no&quot;}\" data-widget_type=\"text-editor.default\">\n\t\t\t\t\t\t\t\t\t<p>Nous vous proposons d\u2019obtenir le meilleur tarif adapt\u00e9 \u00e0 votre besoin et en total transparence gr\u00e2ce \u00e0 une \u00e9valuation gratuite \u00e0 domicile.<\/p><p><strong>Comment cela fonctionne ?<\/strong>\u00a0<\/p><ol><li>Apr\u00e8s votre demande, nous organisons une \u00e9valuation gratuite des besoins, \u00e0 votre domicile.<\/li><li>Nous \u00e9tablissons un devis gratuit et sans engagement.<\/li><\/ol><p>Pour estimer votre besoin, le type de service et sa technicit\u00e9 sont pris en compte et le nombre d\u2019heures d\u2019interventions est calcul\u00e9.<\/p>\t\t\t\t\t\t\t\t<\/div>\n\t\t\t\t\t<\/div>\n\t\t<\/div>\n\t\t\t\t<div class=\"elementor-column elementor-col-50 elementor-top-column elementor-element elementor-element-1a4b4d5\" data-id=\"1a4b4d5\" data-element_type=\"column\">\n\t\t\t<div class=\"elementor-widget-wrap elementor-element-populated\">\n\t\t\t\t\t\t<div class=\"elementor-element elementor-element-4db4116 mas-addons-sticky-no elementor-widget elementor-widget-heading\" data-id=\"4db4116\" data-element_type=\"widget\" data-settings=\"{&quot;mas_addons_sticky&quot;:&quot;no&quot;}\" data-widget_type=\"heading.default\">\n\t\t\t\t\t<h2 class=\"elementor-heading-title elementor-size-default\">Le meilleur tarif d\u2019aide \u00e0 domicile \u00e0 c\u00f4t\u00e9 de chez vous<\/h2>\t\t\t\t<\/div>\n\t\t\t\t<div class=\"elementor-element elementor-element-09838ab mas-addons-sticky-no elementor-widget elementor-widget-text-editor\" data-id=\"09838ab\" data-element_type=\"widget\" data-settings=\"{&quot;mas_addons_sticky&quot;:&quot;no&quot;}\" data-widget_type=\"text-editor.default\">\n\t\t\t\t\t\t\t\t\t<p align=\"justify\">Tous nos devis sont personnalis\u00e9s. Nos agences se tiennent disponibles pour vous accompagner dans l\u2019\u00e9laboration de votre devis gratuit et pour vous pr\u00e9senter les financements possibles et leurs modalit\u00e9s d\u2019obtention.<\/p>\t\t\t\t\t\t\t\t<\/div>\n\t\t\t\t\t<\/div>\n\t\t<\/div>\n\t\t\t\t\t<\/div>\n\t\t<\/section>\n\t\t\t\t<\/div>\n\t\t","protected":false},"excerpt":{"rendered":"<p>Nos tarifs Accueil Les tarifs des aides \u00e0 domicile Senior Care Notre vocation ? Rendre le bien vieillir \u00e0 domicile accessible \u00e0 tous. C\u2019est pour cela que nous proposons des tarifs justes, \u00e0 la fois adapt\u00e9s \u00e0 votre situation, \u00e0 vos besoins et aux prestations souhait\u00e9es. Avec Senior Care, choisissez l\u2019alliance de l\u2019expertise et du [&hellip;]<\/p>\n","protected":false},"author":1,"featured_media":0,"parent":0,"menu_order":0,"comment_status":"closed","ping_status":"closed","template":"elementor_header_footer","meta":{"inline_featured_image":false,"footnotes":""},"class_list":["post-17122","page","type-page","status-publish","hentry"],"acf":[],"_links":{"self":[{"href":"https:\/\/seniorcareafrica.com\/index.php\/wp-json\/wp\/v2\/pages\/17122","targetHints":{"allow":["GET"]}}],"collection":[{"href":"https:\/\/seniorcareafrica.com\/index.php\/wp-json\/wp\/v2\/pages"}],"about":[{"href":"https:\/\/seniorcareafrica.com\/index.php\/wp-json\/wp\/v2\/types\/page"}],"author":[{"embeddable":true,"href":"https:\/\/seniorcareafrica.com\/index.php\/wp-json\/wp\/v2\/users\/1"}],"replies":[{"embeddable":true,"href":"https:\/\/seniorcareafrica.com\/index.php\/wp-json\/wp\/v2\/comments?post=17122"}],"version-history":[{"count":7,"href":"https:\/\/seniorcareafrica.com\/index.php\/wp-json\/wp\/v2\/pages\/17122\/revisions"}],"predecessor-version":[{"id":17145,"href":"https:\/\/seniorcareafrica.com\/index.php\/wp-json\/wp\/v2\/pages\/17122\/revisions\/17145"}],"wp:attachment":[{"href":"https:\/\/seniorcareafrica.com\/index.php\/wp-json\/wp\/v2\/media?parent=17122"}],"curies":[{"name":"wp","href":"https:\/\/api.w.org\/{rel}","templated":true}]}}